1022022020?
-1021011022022021
In base 7, what is 244 + 426001?
426245
In base 7, what is -1 - 54120115?
-54120116
In base 5, what is 4402 - -234331423?
234341330
In base 11, what is -281 - 241a2?
-24473
In base 16, what is 1 + -8ced6e?
-8ced6d
In base 8, what is 125726 + 346?
126274
In base 15, what is -3b10 - 8025?
-bb35
In base 16, what is f3c6a4 - -4?
f3c6a8
In base 8, what is 1276502 - 30?
1276452
In base 13, what is 785b285 + -1?
785b284
In base 9, what is -735067 + 5?
-735062
In base 8, what is 1456515 - -36?
1456553
In base 16, what is -58 - -64d70?
64d18
In base 6, what is 24315414 - -120?
24315534
In base 4, what is -3 - 33331002332230?
-33331002332233
In base 6, what is 45111335 - -12?
45111351
In base 2, what is -101000010 + 11011110101111?
11011001101101
In base 13, what is 2b076 + 144?
2b1ba
In base 4, what is 11 + -1210032222220?
-1210032222203
In base 15, what is -4aa9a5 + -7?
-4aa9ac
In base 16, what is a + -440ca1?
-440c97
In base 11, what is 24173 - -1403?
25576
In base 2, what is -1011111100001101 + 11010000?
-1011111000111101
In base 15, what is -179 + 2b27c?
2b103
In base 11, what is -183 - 277a29?
-278101
In base 6, what is 25543101 - -333?
25543434
In base 9, what is 1540808246 - -5?
1540808252
In base 15, what is 1 + -1aa9550?
-1aa954e
In base 9, what is 233 + 2741627?
2741861
In base 12, what is -5b8 + -907ba?
-911b6
In base 8, what is 115037 + -1730?
113107
In base 14, what is 1ab26c - -2?
1ab270
In base 15, what is 4b424e + -18?
4b4236
In base 5, what is 21311043333 - -20?
21311043403
In base 4, what is -1013310200 + 11?
-1013310123
In base 12, what is 23 - -13450b9?
1345120
In base 5, what is 30103130241 + 10?
30103130301
In base 8, what is 1143257240 - 5?
1143257233
In base 6, what is 3 - 500054043?
-500054040
In base 13, what is 3 - -42762a3c?
42762a42
In base 8, what is 53257 + -527?
52530
In base 16, what is c - 3321290?
-3321284
In base 10, what is 4 - 344993?
-344989
In base 10, what is -216 + -11723?
-11939
In base 6, what is -10 + -131411552?
-131412002
In base 15, what is bd5786e - 1?
bd5786d
In base 14, what is 61c - -1702?
1d20
In base 5, what is 434 - 44434434?
-44434000
In base 2, what is -10000111101000 + 11010011111111?
1001100010111
In base 13, what is 4147 - -143a?
5584
In base 13, what is 25ba - -119?
2706
In base 3, what is -1001211022 + -2102200?
-1011020222
In base 7, what is -124 + -102223220?
-102223344
In base 5, what is -14103 + 410441?
341333
In base 13, what is 188a08 + a?
188a15
In base 8, what is 20 + 26474305?
26474325
In base 4, what is -320023 + -11201113?
-12121202
In base 10, what is -731 - -3568?
2837
In base 14, what is -8b375 - 9?
-8b380
In base 8, what is -21667 - 136433?
-160322
In base 5, what is -1104 + -13402003?
-13403112
In base 2, what is -1101000011 - -111100101111?
101111101100
In base 2, what is 10100001 - -10101101000110100?
10101101011010101
In base 12, what is -493b8a - -49?
-493b41
In base 4, what is -2 - 10310022033?
-10310022101
In base 5, what is 10 - 2242300434?
-2242300424
In base 13, what is 315 + -3104c?
-30a37
In base 5, what is -3013334241 + 21?
-3013334220
In base 7, what is -2124140 + 120?
-2124020
In base 13, what is 11c5673b - -1?
11c5673c
In base 15, what is 1db17 - -4?
1db1b
In base 9, what is 4 + 8005843?
8005847
In base 12, what is -24a6977 - -2?
-24a6975
In base 12, what is 2715 - -6b00?
9615
In base 11, what is 490 - 71008?
-70628
In base 4, what is -2 + -202021032?
-202021100
In base 9, what is 7037878 - 60?
7037818
In base 15, what is -1 - -13a77d?
13a77c
In base 5, what is 23 - -310123432?
310124010
In base 14, what is 26478b86 + 2?
26478b88
In base 10, what is 1223873 - -53?
1223926
In base 6, what is 101521502524 + 4?
101521502532
In base 9, what is -1 - 1654577?
-1654578
In base 14, what is 50 - 3104?
-3094
In base 6, what is 5 + 55313332440?
55313332445
In base 2, what is 10 - 11001111100001101101011?
-11001111100001101101001
In base 16, what is -c1 + 1d6a25?
1d6964
In base 16, what is -79e42 - 16?
-79e58
In base 5, what is 42 + -2342310431?
-2342310334
In base 2, what is 0 + 1000101100111000011100?
1000101100111000011100
In base 4, what is 100221322 + 12113?
100300101
In base 6, what is 2455113 - 11551?
2443122
In base 12, what is 4018 + 368?
4384
In base 5, what is -100301443 - 120?
-100302113
In base 3, what is 12 + 1002220102020?
1002220102102
In base 2, what is 1 - -100001001111111011100001001?
100001001111111011100001010
In base 3, what is -2220020122101 + 1210?
-2220020120121
In base 2, what is 10000 + -100100001100?
-100011111100
In base 6, what is -43 + -334124?
-334211
In base 12, what is 195 - -6ab53?
6b128
In base 7, what is -113611446 + 2?
-113611444
In base 15, what is -9b1912a + -4?
-9b1912e
In base 12, what is b146109 - 1?
b146108
In base 4, what is -10 + -11133110323?
-11133110333
In base 4, what is -21123 + -1131210?
-1212333
In base 7, what is 13230664 - 364?
13230300
In base 5, what is 0 - -4104121242?
4104121242
In base 3, what is 1101120 - -112012210?
120121100
In base 14, what is -1 - -b2723?
b2722
In base 11, what is -7822 + 242a8?
17586
In base 5, what is 12 + 1301123012?
1301123024
In base 14, what is d44b9a9 + 2?
d44b9ab
In base 7, what is 300363350 - 12?
300363335
In base 9, what is 4 - -176837?
176842
In base 8, what is 61061 + 235?
61316
In base 2, what is -10 - -10011010011110111111011101?
10011010011110111111011011
In base 7, what is 655154 + 1422?
656606
In base 3, what is 10 + -22001020101122?
-22001020101112
In base 14, what is 1bb + -c5c5?
-c408
In base 12, what is 70 - -417533?
4175a3
In base 8, what is 3304 + 46141?
51445
In base 15, what is 5b3bcd1 + 1?
5b3bcd2
In base 5, what is -30410 - -233342?
202432
In base 12, what is 3 + -733283?
-733280
In base 15, what is 5 - 1968479?
-1968474
In base 8, what is -117046 + -621?
-117667
In base 13, what is -2 - -3556c967?
3556c965
In base 6, what is -1005211333 + -5?
-1005211342
In base 4, what is -2311303031 - -2123?
-2311300302
In base 5, what is 22 - 2002143411?
-2002143334
In base 12, what is 1446 - 596?
a70
In base 9, what is -386622573 - 7?
-386622581
In base 4, what is -2222020 - -30133?
-2131221
In base 5, what is -4000233103414 + -2?
-4000233103421
In base 4, what is 21130330 + 3301?
21200231
In base 11, what is -6129084 - -5?
-612907a
In base 16, what is -1 + -153e5f4?
-153e5f5
In base 6, what is 12322024 + -205?
12321415
In base 14, what is 68a1051 - -5?
68a1056
In base 16, what is ba539f0 - 2?
ba539ee
In base 6, what is -14333455412 + 2?
-14333455410
In base 4, what is -1312121210 - -2?
-1312121202
In base 13, what is b0c + 4cc22?
50a31
In base 14, what is 847c70 - 13?
847c5b
In base 7, what is -263631325 + 20?
-263631305
In base 5, what is -44410442 - 322?
-44411314
In base 7, what is 3 - 105446522?
-105446516
In base 6, what is 540455354 + -4?
540455350
In base 14, what is 2 - 3851888?
-3851886
In base 11, what is -164aa8a + 9?
-164aa81
In base 10, what is 140303916 - 3?
140303913
In base 5, what is 34332424 + 233?
34333212
In base 11, what is 2 + -2170177?
-2170175
In base 3, what is -1221200220 + 2002?
-1221121211
In base 13, what is 1a0ba0b - -66?
1a0ba74
In base 9, what is 436 + -158664?
-158227
In base 4, what is 12121 - 101111023?
-101032302
In base 16, what is 24b + -4ecc7?
-4ea7c
In base 3, what is -10 + 11120000201111?
11120000201101
In base 6, what is 331421 - 3131?
324250
In base 10, what is -241 + 1073055?
1072814
In base 5, what is -244234420131 + -1?
-244234420132
In base 10, what is 84 + -1899243?
-1899159
In base 13, what is 7630b3a - -2?
7630b3c
In base 11, what is 1a1 + -6702?
-6511
In base 5, what is 413213013211 - -12?
413213013223
In base 3, what is -1 - 1010111211011102202?
-1010111211011102210
In base 3, what is 22110011002102 - -1101?
22110011010210
In base 13, what is -1b - -2b6b65?
2b6b47
In base 4, what is 12021 - -2031231?
2103312
In base 10, what is 42259405 + 0?
42259405
In base 15, what is -17 + 164be9?
164bd2
In base 7, what is -15263 + -25242?
-43535
In base 9, what is 641 - -26231?
26872
In base 4, what is -1020132012 + 3311?
-1020122101
In base 2, what is -110001000000001 - -100?
-110000111111101
In base 6, what is -15441403250 + 0?
-15441403250
In base 7, what is -2113402 + -235?
-2113640
In base 11, what 